 Give l(h).
1
Suppose 2*q - 5 = 1. Let g(p) = 2*p**3 - p**q + 6*p**2 + p**2 + 3*p**2 + 11 + 10*p. Suppose 24*o = -94*o - 1062. Determine g(o).
2
Let d(g) = 3*g - 8. Let l be (-40)/(-12) + 4/6. Let q(t) = 4*t - 8. Let x(y) = l*q(y) - 5*d(y). Let c(o) = -o - 11. Let p be c(-5). Give x(p).
2
Let z(s) be the first derivative of 11*s**2/2 + 282*s + 13233. Determine z(-24).
18
Let n(q) = 3 + 5*q + 38 + 97 - 35*q + 7*q. Give n(6).
0
Let w(x) = -158 - 60009*x - 5 - x**2 + 60064*x. What is w(3)?
-7
Let p(n) = 2*n + 4*n**2 - 6*n + 3*n + 1 + 0*n. Let h = 1242 + -1240. Calculate p(h).
15
Let l(t) be the second derivative of t**3/2 - 7*t**2/2 + 200*t. Let r be 5/20 + (-106)/8. Let q = 19 + r. Determine l(q).
11
Let y(t) = -t**3 - 2*t**2 + 8*t + 1. Suppose q - 35 + 50 = -5*s, 0 = 4*q + 2*s + 6. Suppose -5*u + 6 = d, -2*u = -4*d - q*u - 20. Give y(d).
1
Let p(u) = 9*u**2 + 21*u + 38. Let f(w) = 7*w**2 + 11*w + 37. Let g(o) = -4*f(o) + 3*p(o). Give g(19).
-34
Suppose -847*u = -852*u. Let f(b) = b**3 - 2*b**2 + b - 4. What is f(u)?
-4
Let g = 19 - 17. Let x(o) = o - 9 + 8*o**g + 29*o**3 - 28*o**3 + 5*o + 0*o. Suppose -60 = 5*h + 5*f, -5*f + 11 = -5*h + 1. Calculate x(h).
-2
Let v = -38 + 45. Let r(l) = 43*l + 9 + 4*l**2 - 3*l**2 + 0 - 51*l. Calculate r(v).
2
Let q(k) = -10*k**2 - 27*k - 59. Let l(o) = -11*o - 20. Let m(n) = -7*l(n) + 2*q(n). Give m(-1).
-21
Let x(s) = s**2 + 22*s + 66. Let k be x(-19). Let w(t) = 23*t - 6 - 15*t - k*t. What is w(-5)?
-1
Let j(b) = 0*b - 1 + 4*b - 3*b - 2*b. Let z be j(7). Let n(w) be the third derivative of w**5/60 + 3*w**4/8 + 231*w**2. Determine n(z).
-8
Let z(r) be the third derivative of 11*r**4/24 + r**3/6 - 4*r**2. Let h(p) = p + 9. Let u = 46 - 54. Let x be h(u). What is z(x)?
12
Let h(m) = -657*m + 57. Let c(f) = -785*f + 56. Let r(b) = -5*c(b) + 6*h(b). Calculate r(4).
-6
Let r(h) = -h**3 - 7*h**2 - 6*h - 2. Suppose 4*w = -698 + 682. What is r(w)?
-26
Let a(t) = -21*t - 50. Let g = 43274 + -43283. Determine a(g).
139
Let z(s) = s**3 - 6*s**2 + 3. Suppose 8 = 3*p + 2*a, -3*a + 11 + 1 = 5*p. Let y be (p - 3) + 585/65. Determine z(y).
3
Let g be (-4)/14 + (-9)/(-7). Let z(x) = -2541*x + 1044*x + 1498*x. Give z(g).
1
Let j(d) = -14 - 2*d**2 - 5*d + 9 + 16*d - 7. Give j(5).
-7
Let x(n) = -2*n**2 + n**2 - 12*n + 22 + 0*n**2. Suppose 6*c + 40*c + 988 = -30*c. What is x(c)?
9
Suppose 168*y = 116*y - 988. Let q(w) = 2*w + 44. Calculate q(y).
6
Let w(i) be the second derivative of i**5/20 + 5*i**4/12 - i**3/3 - i**2/2 + i + 492. What is w(-6)?
-25
Suppose 0 = 3*k - 2*b - 9, -b = k - 2*b - 3. Let h(t) = -8*t**2 + k + t**3 + 5 + 7*t + 2. Suppose 5*m = 3*d + 29, -4*d - 14*m + 68 = -10*m. Give h(d).
10
Suppose -48*f + 22*f - 47*f = 4*f. Let a(n) be the third derivative of -10*n**2 + f*n + 3/8*n**4 - 1/60*n**5 + 0 - 1/6*n**3. Give a(9).
-1
Let z(h) = -13*h**2 - 18*h - 20. Let p be z(7). Let s = -781 - p. Let d(t) = -t**2 - t - 1. What is d(s)?
-7
Let l(f) = 3*f**3 - 4*f**2 + 8*f + 13. Let z(c) = 8*c**3 - 11*c**2 + 22*c + 38. Suppose -4*v = 39 - 55. Let h(r) = v*z(r) - 11*l(r). Determine h(0).
9
Suppose 0 = 3*i + 2 + 10. Let j be ((-77)/21)/(i/(-12)). Let k(c) = -c**2 - 11*c + 4. What is k(j)?
4
Let a(y) = 9*y - 53. Let b = 288 - 282. Calculate a(b).
1
Let h be (200 + -174)*(-2)/(-4). Let o(z) = -2*z + 29. Determine o(h).
3
Let s = -663 + 723. Let n be (-100)/s*2/5*-21. Let p(a) = a**2 - 14*a - 2. Determine p(n).
-2
Let c(d) = 59*d + 89. Let h(y) = -83*y - 133. Let n(f) = -10*c(f) - 7*h(f). Give n(19).
-130
Suppose 465*h - 54 = 5*f + 463*h, -4*f - 54 = 2*h. Let c(z) = -4*z - 24. Let w(u) = 17*u + 97. Let j(k) = -9*c(k) - 2*w(k). What is j(f)?
-2
Suppose -6*s + 1 = -5. Let x(f) = 21*f + s - 3*f**2 - 22*f + 2*f**2. What is x(-2)?
-1
Let f(g) = -g**3 + 13*g**2 + g - 15. Suppose -b - 5*y + 23 = 0, 99*y - 98*y = -3*b + 41. Calculate f(b).
-2
Let k(t) = t + 1. Let l be k(2). Let r(i) = -i**2 - 5*i + 26. Let w be r(-8). Let m(z) = z**3 - 3*z**w - 4 - 217*z + 217*z. Determine m(l).
-4
Let r(m) = -9*m + 35. Suppose -11*n + 3 = -41. Let b be r(n). Let q(p) be the third derivative of -p**4/6 - p**3/6 + 2*p**2. Give q(b).
3
Suppose -40 = 9*k + 32. Let v(z) = 5*z + 34. Let w be v(k). Let m(r) = 8*r - 1. Let o(t) = 7*t - 1. Let a(b) = w*m(b) + 7*o(b). Determine a(3).
2
Let o(n) be the first derivative of -n**5/24 + n**4/12 - 61*n**3/3 + 2. Let k(j) be the third derivative of o(j). Calculate k(5).
-23
Let i(f) = -6*f + 3. Let g(k) = 3*k**2 + 8*k - 17. Let t(o) = -o**2 + o + 1. Let a(b) = -g(b) - 5*t(b). Let r be a(5). What is i(r)?
21
Let r(v) be the first derivative of -23 - v**2 - 1/12*v**4 + 24*v - v**3. Let z(o) be the first derivative of r(o). What is z(-6)?
-2
Let p(y) = y**2 + 16*y - 72. Suppose 7*j - 3*u = 12*j - 26, -j - 4*u + 12 = 0. Let w be p(j). Let i(n) = -n**3 + 8*n**2 - n - 7. Give i(w).
-15
Let m(w) = 18*w + 8*w**3 - 4*w**3 - 281*w**2 - 9 - 3*w**3 + 270*w**2 + 3. Determine m(9).
-6
Let m be (-42)/6*12/14. Let t(h) = -3 + h - 3*h**3 - 5 - 6*h**2 + 2*h**3 + 0*h**3 + 3. Determine t(m).
-11
Let s(k) = -k**3 + 5*k**2 - 4*k. Let z be s(3). Let g be (3/12*0)/(z - 5). Let v(l) = l**3 + l**2 + l - 4. What is v(g)?
-4
Let c(m) = 8*m**3 + m**2 - 3*m + 2. Let k = 243 + -230. Suppose 4*v = -j + k, -2*v - 26 = -5*j - 27. Give c(j).
8
Let g(s) be the second derivative of s**5/20 - s**4/2 - 5*s**2/2 - 764*s. Let a(w) = w + 2. Let x be a(4). What is g(x)?
-5
Suppose -56 = -419*a + 363*a. Let o(w) = 8*w**2 + 2*w - 1. What is o(a)?
9
Let w = -5636 + 5586. Let d(n) = -n**3 - 49*n**2 + 56*n + 294. What is d(w)?
-6
Let h(k) be the first derivative of k**3/3 + 66. Let b(y) = 3*y**2 + 5*y + 3. Let o(a) = b(a) - 2*h(a). Calculate o(-3).
-3
Let k(g) be the second derivative of -g**3/6 - 5*g**2/2 + 2*g + 1. Suppose -23 = -s - 4*p, -35 = -2*s - 5*p - 4. Suppose s*b = -b. Calculate k(b).
-5
Let a(u) be the first derivative of u**3/3 - 3*u**2 - 2945. Suppose 21 = g + 2*g. What is a(g)?
7
Let d(y) = 47*y + 15. Let g(n) = 35*n + 23. Let u(h) = -9*d(h) + 12*g(h). Calculate u(35).
36
Let n(p) = 8*p + 5*p - 11*p - 21. Let d(o) = 3*o**3 - o**2 + 2*o + 15. Let m be d(0). Give n(m).
9
Suppose 8*x = 485 - 29. Let s be (x/6 - (-5)/10) + -6. Let v(p) = 2*p**3 - 5*p**2 + 3*p - 2. What is v(s)?
58
Let h(w) be the first derivative of -w**4/4 - 2*w**3/3 + 7*w**2 + 8*w - 874. Give h(-5).
13
Let z(t) be the second derivative of -t**3 - 2*t**2 - 5*t. Let r(k) be the first derivative of -3*k**2/2 - 2*k - 111. Let f(w) = 7*r(w) - 3*z(w). Give f(-2).
4
Let t(s) = 22*s - 36024 + 13*s**2 - 15*s**2 + 35960. What is t(5)?
-4
Suppose 8*s + 3*s - 33 = 0. Let l(d) = 17*d + s - d**2 - 14*d - 7*d. Calculate l(-4).
3
Let x(n) = 2*n**2 + 4*n**3 - 11 - 22*n**2 + 1525*n - 3*n**3 - 1532*n. Let i(s) = -s**3 + 14*s**2 + 5*s + 8. Let a(l) = -7*i(l) - 5*x(l). What is a(-2)?
-9
Suppose 3*g - l - 6 + 1 = 0, 0 = -3*g - l + 7. Let b(q) be the third derivative of q**5/60 - q**4/24 - q**3/3 + 43*q**2 + q. Give b(g).
0
Let m be 7488 - -6 - (-10)/(-5). Let q(i) = m*i - 7487*i + 4*i**2 - 5*i**2. Determine q(6).
-6
Suppose -b = h + 7, 0 = -4*h + 2*b - 812 + 808. Suppose -4*k = 3*q - 18, -4*q = 3*k + k - 20. Let y(s) = 4 + 3*s - k + 2. What is y(h)?
-6
Let w(j) = 65*j**2 - 8*j + 6. Let q be w(1). Let p = 83 - q. Let x(a) = 6*a - p*a + 11*a. Give x(-4).
12
Let o(m) = 18*m**2 + 2. Let p(k) = 181*k**2 + 7*k + 15. Let n(d) = 10*o(d) - p(d). Let b(a) = a - 2. Let w be 21/(-6) - 1/2. Let z be b(w). Calculate n(z).
11
Let b(u) = -954*u**2 - u**3 - 11 - 947*u**2 - 15*u + 1885*u**2 + 1. Calculate b(-15).
-10
Let s(c) = -c - 16. Suppose -10*q - 6 = -12*q. Suppose q*k - 7 = -7. What is s(k)?
-16
Let z be (0 + 1)/((-371)/1855). Let s(d) = 18*d + 85. What is s(z)?
-5
Let m(k) = 15*k**2 + 556*k + 25. Let j be m(-37). Let d(c) = c**3 + 12*c**2 + 8*c - 1. Determine d(j).
-97
Let q(d) = -6*d**3 + 7*d**2 + 3*d + 3. Let v(a) = -2*a - 1 + 4*a**2 + a**2 + 3*a**2 - 9*a**2 + a**3. Let b(z) = q(z) + 3*v(z). Determine b(2).
-14
Let s(p) = -2186 - 51*p - 2*p**3 + 4312 - 25*p**2 - 2206 + 3*p**3. What is s(27)?
1
Let u(o) be the third derivative of -o**6/180 - o**5/24 + o**4/24 + 41*o**3/6 - 81*o**2. Let s(c) be the first derivative of u(c). What is s(-5)?
-24
Let b(l) = -2*l + 4. Let y(g) = -13*g**2 + 8*g**2 + 67 + 2*g**3 - 69 - g*